s + 19. What is g(-11)?
-14
Let p(b) = b**3 + b**2 + b. Calculate p(2).
14
Let m(q) = -q + 31. What is m(8)?
23
Let j(o) = -o**2 - 5*o + 6. What is j(3)?
-18
Let d(t) = -t**2 + 12*t - 7. Determine d(8).
25
Let m(u) = -2*u - 7. Give m(-5).
3
Let a(z) = 4*z - 48. Calculate a(12).
0
Let s(i) = -i**3 - 3*i**2 - i. What is s(3)?
-57
Let i(m) = -m**3 + 37*m**2 - 69*m - 21. Give i(35).
14
Let o(a) = -a**2 - 6*a + 7. Give o(-5).
12
Let o(c) = 3*c**3 - 4. Give o(2).
20
Let h(k) = -k**3 + 9*k**2 + 10*k - 1. Give h(10).
-1
Let k(g) = -3*g + 19. What is k(-2)?
25
Let s(u) = u**3 + 38*u**2 + 3*u + 113. Calculate s(-38).
-1
Let h(x) = x**3 + 6*x**2 - 14*x + 2. Give h(-8).
-14
Let d(j) = j**2 + 15*j + 1. What is d(-16)?
17
Let u(y) = y**3 - 8*y**2 + 15*y - 13. What is u(6)?
5
Let h(t) = t**3 - 6*t**2 - 5*t. Give h(7).
14
Let r(i) = -i**2 + 13*i - 11. What is r(11)?
11
Let b(j) = -3*j**2 - 10*j. Calculate b(-3).
3
Let z(m) = m**2 - 6*m + 16. What is z(8)?
32
Let b(a) = -2*a**2 - 14*a - 9. What is b(-6)?
3
Let h(k) = -3*k**2 + 28*k + 7. What is h(11)?
-48
Let b(q) = 3*q + 18. Give b(-20).
-42
Let y(v) = -6*v - 164. Determine y(-27).
-2
Let x(t) = -t**2 + 4*t. Give x(3).
3
Let q(d) = -2*d**2 + 12*d + 4. Determine q(6).
4
Let s(w) = 3*w**2 + 6*w - 4. Calculate s(-6).
68
Let f(l) = -4*l + 145. What is f(26)?
41
Let d(h) = 2*h**3 - 3*h**2 - h - 6. Determine d(3).
18
Let k(q) = q**2 + 23*q + 99. What is k(-17)?
-3
Let a(h) = -h**2 - 6*h - 8. Determine a(-10).
-48
Let g(l) = 98*l - 1. Calculate g(-1).
-99
Let c(f) = f**2 - 13*f + 14. Calculate c(10).
-16
Let o(n) = -2*n**3 - 34*n**2 + 2*n + 39. Determine o(-17).
5
Let z(d) = -d**3 + 5*d**2 + 2*d + 3. Give z(5).
13
Let p(o) = 2*o**2 - 21*o + 23. What is p(10)?
13
Let k(v) = -v**3 - 7*v**2 + v - 7. Calculate k(-8).
49
Let x(o) = o**3 - 5*o**2 + 3*o - 5. Determine x(3).
-14
Let o(j) = j**2 - 14*j + 9. What is o(14)?
9
Let h(c) = -c**3 + 8*c**2 - 4*c - 7. Determine h(5).
48
Let y(s) = s**3 + 7*s**2 - 10*s - 10. Give y(-8).
6
Let m(y) = -y**2 - 8. Determine m(-4).
-24
Let s(w) = -w**3 - 17*w**2 - 14*w + 35. Calculate s(-16).
3
Let r(y) = -y**3 + 13*y**2 - 2*y + 24. What is r(13)?
-2
Let p(t) = 8*t - 42. What is p(6)?
6
Let z(v) = v**2 + 14*v + 37. Determine z(-10).
-3
Let g(t) = t**2 + 7*t + 16. Determine g(-4).
4
Let x(d) = -d**3 + d + 6. What is x(0)?
6
Let c(r) = r**3 + 10*r**2 + 22*r + 371. Calculate c(-11).
8
Let i(z) = 8*z**2 - 122*z + 19. What is i(15)?
-11
Let w(j) = -7*j + 253. Give w(35).
8
Let t(d) = 4*d + 41. Determine t(7).
69
Let l(f) = 17*f**2 + f - 1. Calculate l(2).
69
Let d(x) = -x**3 - 5*x**2 + 9*x + 21. Calculate d(-7).
56
Let r(k) = -k**3 - 3*k**2 - 5*k + 3. Calculate r(2).
-27
Let f(v) = v - 17. Calculate f(-15).
-32
Let c(i) = -i**3 - 3*i**2 + 6*i - 5. Give c(-5).
15
Let x(t) = t**3 + 3*t**2 - 3*t + 1. What is x(-3)?
10
Let w(m) = -28*m**3 - 2*m + 2. Calculate w(1).
-28
Let m(p) = -4*p - 100. What is m(-23)?
-8
Let y(r) = -2*r**2 - 8*r + 24. What is y(-7)?
-18
Let h(n) = 7*n**3 + 49*n**2 + 2*n + 7. Give h(-7).
-7
Let n(t) = -24*t - 69. Calculate n(-4).
27
Let z(p) = 6*p**3 + 3*p**2 + 3*p + 2. What is z(-2)?
-40
Let n(x) = -x**2 - 6*x - 7. Determine n(-5).
-2
Let r(w) = 3*w - 19. Determine r(5).
-4
Let o(q) = 109*q. Give o(1).
109
Let u(z) = z**3 + 7*z**2 - 3*z - 17. Determine u(-7).
4
Let y(s) = -12*s. Determine y(0).
0
Let a(h) = -h**3 - 15*h**2 + 53*h - 15. What is a(-18)?
3
Let h(u) = -u**2 - 4*u + 56. Calculate h(6).
-4
Let x(u) = 19*u**2 - 2*u - 1. Calculate x(-1).
20
Let u(y) = -y**2 - 5*y + 6. Give u(3).
-18
Let u(y) = 42*y**2 - 6*y - 6. Calculate u(-1).
42
Let s(n) = 6*n**2 - 10*n + 1. Give s(4).
57
Let q(v) = -8*v**3 - v**2 + 10*v - 10. Determine q(1).
-9
Let c(w) = w + 8. Give c(7).
15
Let h(z) = 12*z + 67. Determine h(-10).
-53
Let v(n) = -n**3 - 7*n**2 - n - 5. Give v(-7).
2
Let m(i) = 2*i + 18. What is m(0)?
18
Let g(w) = -w**3 + 7*w**2 + 2*w - 10. Calculate g(7).
4
Let c(g) = -5*g**3 - 33*g**2 + 15*g - 1. Give c(-7).
-8
Let a(g) = -g**3 - 10*g**2 - 3*g - 12. Give a(-10).
18
Let b(d) = -d**2 - 9*d - 7. What is b(-3)?
11
Let t(v) = 2*v + 16. Give t(-17).
-18
Let v(r) = -16*r + 113. Calculate v(8).
-15
Let k(u) = -2*u**2 + 4*u - 1. Give k(6).
-49
Let n(p) = p**2 - 6*p + 1. What is n(3)?
-8
Let f(q) = -q**2 - 17*q - 33. What is f(-16)?
-17
Let u(x) = 2*x - 5. Give u(-9).
-23
Let s(r) = -r**3 + 6*r**2 - r - 1. Calculate s(6).
-7
Let b(g) = -g**2 - 7*g + 128. Give b(9).
-16
Let a(j) = j**2 - 35*j - 195. Determine a(-5).
5
Let k(g) = g + 6. What is k(-7)?
-1
Let q(l) = -6*l + 5. Calculate q(7).
-37
Let o(g) = -g**3 - 2*g**2 - g + 14. Calculate o(3).
-34
Let o(k) = -36*k + 3. Give o(2).
-69
Let f(q) = q**2 + 5*q - 3. Give f(-5).
-3
Let t(a) = 28*a + 111. Calculate t(-4).
-1
Let p(l) = -14*l**2 - 870*l - 119. What is p(-62)?
5
Let q(t) = -3*t**2 - 3*t - 1. Give q(-2).
-7
Let h(x) = 10*x**2 - 3*x + 2. Give h(1).
9
Let w(a) = -a**2 + 2*a - 19. Determine w(0).
-19
Let a(i) = i**2 - 7*i - 8. Give a(9).
10
Let a(h) = -h - 35. Calculate a(-42).
7
Let l(m) = 11*m + 1. What is l(-1)?
-10
Let x(b) = 2*b**3 - 7*b**2 + 5*b. What is x(4)?
36
Let m(h) = -h**3 - 16*h**2 - 30*h - 26. Give m(-14).
2
Let i(y) = 6*y**2 + 4*y - 5. Give i(1).
5
Let x(z) = -11*z + 185. Give x(18).
-13
Let g(a) = -a**3 + 8*a**2 - 17*a + 26. What is g(6)?
-4
Let d(o) = -o**3 - 3*o**2 + 2*o. Determine d(-4).
8
Let o(a) = a + 3. Determine o(4).
7
Let t(w) = 2*w + 21. Determine t(-9).
3
Let t(g) = -120*g + 845. What is t(7)?
5
Let d(n) = n**3 - 3*n**2 - 7*n + 6. What is d(4)?
-6
Let n(a) = -5*a + 175. Calculate n(35).
0
Let i(o) = 9*o + 6. Calculate i(-8).
-66
Let o(h) = -12*h**2 - h - 2. Determine o(-1).
-13
Let o(i) = -i**2 + 9*i - 23. Give o(3).
-5
Let t(r) = r**2 + 2*r + 6. Determine t(0).
6
Let o(v) = 2*v**3 + 15*v**2 + 5*v + 6. What is o(-7)?
20
Let c(o) = -o**3 - 2*o + 29. Determine c(0).
29
Let a(t) = t**2 + t - 21. Give a(6).
21
Let f(x) = -x**2 - 4*x. Give f(0).
0
Let z(j) = -j**3 + 18*j**2 - 65*j. Determine z(13).
0
Let r(f) = f**3 + 4*f**2 + 3*f + 2. What is r(-3)?
2
Let l(o) = -o**3 + 4*o**2 - 4*o. What is l(3)?
-3
Let m(n) = 3*n + 13. Determine m(6).
31
Let n(q) = q**3 + 14*q**2 + 14*q + 15. Calculate n(-13).
2
Let q(i) = i**2 + 3*i - 4. Determine q(2).
6
Let v(w) = w**2 + 12*w + 48. Calculate v(-8).
16
Let r(b) = b**2 - 7*b - 165. Calculate r(-12).
63
Let y(q) = 3*q + 10. What is y(-5)?
-5
Let g(o) = -6*o**2 - 19*o + 3. Determine g(-6).
-99
Let d(h) = -h**2 - 3*h + 8. What is d(-5)?
-2
Let j(m) = -4*m - 79. Give j(-21).
5
Let h(g) = -g**2 + 14*g - 12. Give h(13).
1
Let n(k) = -2*k**3 - 10*k**2 - k + 6. What is n(-5)?
11
Let b(g) = g**3 + g**2 - 12*g + 7. Calculate b(-4).
7
Let u(q) = 37*q + 247. Give u(-6).
25
Let x(n) = 53*n + 486. Calculate x(-9).
9
Let p(i) = -i**3 - i**2 + 20*i + 13. Calculate p(-5).
13
Let z(b) = -4*b**2 + 43*b - 96. Give z(7).
9
Let y(n) = -n**3 + 59*n - 34. Calculate y(-8).
6
Let p(y) = 2*y**3 - 2*y**2 + y + 2. Calculate p(-1).
-3
Let s(g) = -18*g - 36. Determine s(-2).
0
Let v(q) = -5*q**3 - 3*q**2 + q + 3. Give v(-2).
29
Let z(m) = m**2 + m + 43. Determine z(0).
43
Let j(a) = -a**2 + 8*a + 75. Calculate j(13).
10
Let u(p) = 3*p - 3. Calculate u(6).
15
Let g(x) = 16*x + 854. Calculate g(-53).
6
Let g(u) = u**2 - 11*u + 15. What is g(6)?
-15
Let o(t) = 8*t - 90. What is o(7)?
-34
Let z(w) = -w + 26. Give z(16).
10
Let q(z) = 6*z**3 - z**2 - 4*z - 3. Give q(3).
138
Let h(w) = w**3 - 6*w**2 - 14*w - 4. Give h(7).
-53
Let u(z) = z - 19. Calculate u(17).
-2
Let z(t) = -2*t**2 + 23*t - 25. Calculate z(11).
-14
Let k(p) = -4*p + 4. What is k(2)?
-4
Let a(b) = 5*b + 24. Give a(-8).
-16
Let c(r) = 12*r**3 + 3*r**2 - 2. What is c(-2)?
-86
Let g(u) = -u**3 - 8*u**2 + 9*u + 6. Give g(-9).
6
Let v(x) = -16*x**2 - 110*x + 12. Calculate v(-7).
-2
Let f(k) = -8*k + 1. Determine f(2).
-15
Let p(u) = u**3 - 23*u**2 + 40*u + 47. What is p(21)?
5
Let s(y) = 4*y - 51. What is s(13)?
1
Let p(u) = 5*u + 41. Calculate p(-8).
1
Let r(d) = 4*d**2 - 17*d. Give r(3).
-15
Let b(j) = 2*j**2 - 4*j - 74. What is b(-9)?
124
Let w(g) = -g**3 - g**2 + g + 5. What is w(0)?
5
Let s(i) = -2*i - 3. What is s(1)?
-5
Let o(f) = -10*f + 5. Determine o(2).
-15
Let x(g) = g**3 + 3*g**2 + g - 2. What is x(-3)?
-5
Let u(a) = a - 40. Det